*y + 15 = 3*g. Suppose 0 = g*l - 639 - 361. Let i = -104 + l. What are the prime factors of i?
2, 3
Let s be 6/(-2) + (-4 - -3). Let z(d) = 28*d**2 + 8*d - 3. Let q be z(s). Suppose 4*m = -5*u + 520, -5*u + 97 + q = 2*m. List the prime factors of u.
2, 5
Let g = 36 + -41. Let c be 2/(-5) + g/((-75)/2271). Suppose -5*u + c = -124. What are the prime factors of u?
5, 11
Suppose 0 = -75*y + 81*y - 4542. Suppose 27*f = 4564 - y. List the prime factors of f.
3, 47
Let a(q) = q**3 + 11*q**2 + 24*q + 27. Let n be a(-11). Let p = 1237 + n. List the prime factors of p.
2, 5
Suppose 0 = 200*s - 204*s + 2*q + 73294, 5*s = -2*q + 91622. What are the prime factors of s?
2, 3, 509
Let y(n) = -n**3 - 4*n**2 + 13*n + 6. Let p be y(5). Let q = -367 - p. Let k = q - -335. What are the prime factors of k?
2, 61
Suppose 0 = -5*t - 3*l + 16930, 3*l = -2*l. Let v = t + -1930. What are the prime factors of v?
2, 7, 13
Let z be ((-44)/220)/(1/(-207730)*2). Suppose 25*l - 2202 = z. What are the prime factors of l?
919
Let y(f) = -22*f + 4. Let u be y(2). Let k = -40 - u. Suppose z - 3*q - 72 = k, q + 4*q = -5*z + 260. What are the prime factors of z?
3, 19
Suppose -71*o - 360702 = -155*o + 66*o. List the prime factors of o.
29, 691
Suppose 4 = s - 4*x, -2*x - 2 = -7*s + 12*s. Let r(p) = -13*p + 874. List the prime factors of r(s).
2, 19, 23
Let s = -674 + 319. Let u = s - 254. Let t = -408 - u. What are the prime factors of t?
3, 67
Suppose -215*y + 66*y + 8232003 = 202*y. What are the prime factors of y?
47, 499
Let y = 308 - 259. Suppose -32930 = -y*z + 880. What are the prime factors of z?
2, 3, 5, 23
Suppose -36*o + 20881 + 124163 = 0. What are the prime factors of o?
3, 17, 79
Let c(w) = -1740*w + 1510. What are the prime factors of c(-17)?
2, 5, 3109
Suppose 93826 + 118784 = 11*o - 111901. What are the prime factors of o?
29501
List the prime factors of (-171501732)/(-7900) - 4/50.
17, 1277
Let t = -14 + -159. Let f = t - -221. What are the prime factors of f?
2, 3
Let z be ((-9816)/9 + 4)/(2/(-6)). Let i be ((-5)/(-5))/(4/z). Suppose -5*n + 70 = -i. What are the prime factors of n?
3, 59
Suppose -5*s = -19*r + 17*r + 221, 3*s - 300 = -3*r. What are the prime factors of r?
103
Let i be -20*(4230/12)/(-3). Suppose 6*v - 2*k = 2*v + 1882, -i = -5*v + 5*k. List the prime factors of v.
3, 157
What are the prime factors of (-1)/(996895/66460 + -15)?
2, 3323
What are the prime factors of (2 - 3)*709576/(-56)?
12671
Suppose -5*s + 5*u + 110580 = 0, 4*s + 864*u - 88485 = 865*u. List the prime factors of s.
22123
Let m(w) = -95*w + 40. Let u be m(6). Let y = -90 - u. What are the prime factors of y?
2, 5, 11
Let i(x) = -x**3 - 1. Suppose -4*k - z - z - 10 = 0, -2*k + 3*z = -7. Let n be i(k). Suppose -a = 3*j - n*a - 13, -a = 2. List the prime factors of j.
5
Let g be (-25)/10*6/5. Let w be 1 + (1 - (-1 + g)). Let y(h) = -h**3 + 7*h**2 + 6*h - 13. What are the prime factors of y(w)?
59
Let w(j) = 18*j - 1. Let l be w(8). Let z = l + -62. What are the prime factors of -3*(-9)/(z/66)?
2, 11
Suppose -42975 = -5*v - 0*v + i, 0 = 4*i - 20. Suppose v - 1686 = 10*l. List the prime factors of l.
691
Let t = 1333 - -1315. List the prime factors of t.
2, 331
What are the prime factors of (-710)/71 - 11848/(-4)*6?
2, 83, 107
Suppose -277*j = -265*j - 75840. What are the prime factors of j?
2, 5, 79
Let x(c) = c**2 + 5*c - 84. Let p be x(7). Suppose p = -10*w + 1552 + 2538. List the prime factors of w.
409
Suppose -50 = -17*w + 18*w. Let u = w + 230. What are the prime factors of u?
2, 3, 5
Let h(o) = 2760*o**3 + o**2 - 54*o + 102. List the prime factors of h(2).
2, 7, 19, 83
Suppose -3483 = -2*n + b + 356, 2*n - 3*b = 3825. List the prime factors of n.
3, 641
Let p(q) = 6*q + 145. Let o be p(-23). What are the prime factors of ((-5)/((-5)/o))/(4/68)?
7, 17
Suppose -y + 6*y = 2*c + 18, 2*c + 8 = 0. Suppose n = y*n. Suppose 2*x + n*o = -2*o + 280, -o = 4*x - 563. List the prime factors of x.
3, 47
Let j be (-4)/3*24/(-16). Let o be -46 + (-1 - j) + 0. Let x = o - -64. List the prime factors of x.
3, 5
Let x(q) = 4*q**3 + 6*q**2 - 19*q - 2. Let z be -1*(0*(-3)/(-12) + -3). Let v(t) = t**3 + 1. Let g(c) = z*v(c) - x(c). List the prime factors of g(-9).
7, 11
Let d(h) = h**3 + h**2 - 3*h + 4. Let y be d(0). Suppose 3*z + 37 = -f, 0*z + y*z - 5*f = -62. Let k(o) = -o**2 - 28*o - 19. List the prime factors of k(z).
2, 11
Let j = -22 + 111. Let c = 667 + j. List the prime factors of c.
2, 3, 7
Let v(s) = -245*s - 6289. List the prime factors of v(-93).
2, 1031
Let z(n) = 18*n - 55. Let i be z(5). Suppose -3*l + 240 = -7*l. Let d = i - l. What are the prime factors of d?
5, 19
Let n = 21308 - 1655. List the prime factors of n.
3, 6551
Let v = 28497 - 994. What are the prime factors of v?
7, 3929
Let h(v) = -52*v**3 - v**2 + 1. Let i be h(1). Let g = 56 + i. Suppose g*d + 200 = 9*d. What are the prime factors of d?
2, 5
Suppose 18*s + 4708 = 22*s. Let p = 1723 - s. What are the prime factors of p?
2, 3, 7, 13
Suppose -38*w - 168 = -50*w. List the prime factors of -46*(-1*1)/(w/70).
2, 5, 23
Let h(m) = 4*m**2 + 3*m - 1. Suppose 248 = 6*k - 310. Let b = 95 - k. List the prime factors of h(b).
3, 7
Suppose 13*p - 34*p = p - 110088. What are the prime factors of p?
2, 3, 139
Let j(p) = -3390*p - 26. Let u be j(1). List the prime factors of 2*-3 - u/7.
2, 241
Let b be 69/(36/(-27) + (-31)/(-30)). Let p(q) = 28*q - 3. Let u be p(-5). Let h = u - b. What are the prime factors of h?
3, 29
Suppose 54*q - 991792 - 757588 = -38*q. List the prime factors of q.
5, 3803
Suppose 0 = u - 3, -3*u - 745 = -10*x + 9*x. Let m = x + -384. What are the prime factors of m?
2, 5, 37
Let p be 11 - -3 - 8 - -719. Suppose -11308 = -19*q - p. What are the prime factors of q?
557
Suppose 0 = 5*x - 15, 3*x = 3*w - 0*x. Suppose 7*h = t + 6*h - 300, -1199 = -4*t + w*h. What are the prime factors of t?
13, 23
Suppose -4*x + 3*p + 53908 = 6*p, -3*p + 67382 = 5*x. What are the prime factors of x?
2, 6737
Let u(n) = 50 - 11*n**2 + 23*n**2 + 19*n - n**3 + 13*n**2 + 32 - 15. What are the prime factors of u(23)?
2, 11, 71
Let g(r) = 2*r**3 + 20*r**2 + 4. Let y be g(-10). Suppose -w - 636 = y*i, -1916 = 8*w - 5*w + 4*i. List the prime factors of (2/(-9) + w/(-45))*1.
2, 7
Suppose 5*a + 44 = 4. Let w(h) = -2*h**2 - h. Let k(l) = -2*l**2 + 8*l + 3. Let x(r) = k(r) - 2*w(r). What are the prime factors of x(a)?
3, 17
Suppose -2*k = -6*k - 396. Let r be 2/11 + 18/k. Suppose -3*t = r, -y + t = -t - 61. What are the prime factors of y?
61
Let i(v) = 37*v + 6. Let h be i(9). Let d = h + -178. List the prime factors of d.
7, 23
Suppose -2*d - 7*o = -9*o - 18, -3*o = 4*d - 1. Suppose -173 = -3*n + 4*y, -d*n = 2*y + 15 - 231. List the prime factors of n.
5, 11
Suppose 0 = -s + 3*o - 4, -4*s - o = s - 12. Let d be 427/(-5) - 2/(-5). What are the prime factors of (-6)/(-4) - (d/s + 2)?
2, 3, 7
Suppose 6 - 17 = m. Let i = -9 - m. Suppose 6*x = -i*x + 832. What are the prime factors of x?
2, 13
Let b = 25424 + -9803. What are the prime factors of b?
3, 41, 127
Let r = -241 - -140. Let n = 117 + r. What are the prime factors of n?
2
Suppose -246*q - 1989648 + 4631601 = -8972199. What are the prime factors of q?
2, 11, 29, 37
Let a be 12/(-3) - (304/(-2) - -3). Suppose -4*f - 3*v + 399 = 0, -5*f - v + 290 + 206 = 0. Let b = a - f. What are the prime factors of b?
2, 23
Let w = -25 - -88. Let m(s) = s**3 - 14*s**2 + 17*s - 10. Let q be m(13). Let l = w - q. What are the prime factors of l?
3, 7
Let j be 6/(-36) + (-1636)/(-24) + 4. List the prime factors of (278/6)/(3/j).
2, 139
Let i(h) = 7*h + 3. Let b be i(5). Let q = b - 36. Suppose -3*a + 176 = q*g, 2*a = g + a - 93. List the prime factors of g.
7, 13
Let p(x) = 8*x**2 + 116*x + 696. What are the prime factors of p(-88)?
2, 3, 5, 19, 23
Suppose 3*j = 3*l + 9642, -2*j + 4859 = l - 1566. List the prime factors of j.
3, 7, 17
Suppose -13*u + 10*u + 243 = 0. Suppose 4*g - u = k + 13, g - 16 = 4*k. List the prime factors of g.
2, 3
Let t(c) = 2*c**2 + 44*c + 254. Let d be (-33)/((0 - 9)*27/(-162)). List the prime factors of t(d).
2, 127
Let k = -18192 + 33748. List the prime factors of k.
2, 3889
Suppose 88*y - 115464 + 156441 = 646857. List the prime factors of y.
3, 5, 17
Let d be ((4 - 1)/(-